 242*n**2 - 1704*n + 75. Determine l(7).
5
Let p(w) = -14331*w + 59450. Determine p(4).
2126
Let f(y) = 14*y**2 + 861*y - 13246. Give f(15).
2819
Let o(q) = -2209*q + 35335. Determine o(16).
-9
Let r(y) = -180421*y - 721694. Give r(-4).
-10
Let z(n) = -1473*n + 219625. Calculate z(149).
148
Let z(o) = -2*o**3 - 9028*o - 9029. Give z(-1).
1
Let r(z) = -9204*z + 184078. Calculate r(20).
-2
Let g(y) = -192*y + 7124. What is g(40)?
-556
Let o(k) = 2*k**3 + 52*k**2 + 94*k - 42. Determine o(-24).
6
Let v(a) = -1105*a - 58092. Calculate v(-53).
473
Let w(d) = -d**3 + 105*d**2 - 251*d - 5555. Calculate w(102).
55
Let a(h) = 2*h**3 + 60*h**2 - 623*h - 563. Calculate a(-38).
7
Let f(c) = 4553*c - 3752. Calculate f(1).
801
Let f(q) = -10982*q - 109803. Determine f(-10).
17
Let r(c) = 5337*c + 15508. Determine r(-3).
-503
Let f(b) = -25080*b - 9104044. Determine f(-363).
-4
Let n(g) = g**3 + 112*g**2 - 1226*g + 79. What is n(-122)?
811
Let b(l) = -21*l - 1194. What is b(-63)?
129
Let d(z) = 206*z + 14266. Determine d(-97).
-5716
Let d(t) = -8*t**3 + 256*t**2 - 34*t + 681. Give d(32).
-407
Let o(h) = 11455*h**2 + 80182*h - 38. What is o(-7)?
-17
Let f(h) = -22*h**3 + 4*h**2 - 602*h + 1200. Calculate f(2).
-164
Let p(n) = -2*n**3 + 7088*n**2 + 796357*n + 329. What is p(-109)?
2
Let c(n) = -636*n - 16988. Determine c(-27).
184
Let c(x) = 2*x**3 + 40*x**2 - 325*x - 5972. Calculate c(-18).
1174
Let t(g) = -8*g**2 - 611*g - 1219. What is t(-2)?
-29
Let h(j) = 1635*j - 45821. Calculate h(28).
-41
Let c(j) = 11*j**2 - 3148*j + 6294. What is c(2)?
42
Let l(a) = -a**2 + 146*a + 1084. Determine l(-6).
172
Let t(c) = 139297*c - 417874. What is t(3)?
17
Let j(l) = 3613*l - 22127. Give j(7).
3164
Let h(f) = f**2 + 29418*f - 264847. Give h(9).
-4
Let j(i) = i**3 + 1081*i**2 - 9808*i + 55. What is j(9)?
73
Let x(d) = 27*d**3 - 2562*d**2 - 281*d - 192. Calculate x(95).
188
Let k(g) = -g**2 + 2382*g - 28494. Give k(12).
-54
Let g(q) = -19*q**2 - 896*q - 437. Give g(-43).
2960
Let y(u) = -12*u**2 - 542*u + 60622. Calculate y(52).
-10
Let p(m) = -m**3 + 2072*m**2 - 14452*m + 27. Calculate p(7).
48
Let p(h) = 9*h**3 - 1233*h**2 - 27*h + 3873. Calculate p(137).
174
Let w(n) = -n**2 - 34199*n + 136766. Give w(4).
-46
Let b(q) = 2157*q + 12656. What is b(-6)?
-286
Let a(g) = 9762*g - 49246. What is a(5)?
-436
Let q(m) = -31*m**2 + 788*m - 3366. Calculate q(20).
-6
Let d(i) = i**3 - 212*i**2 + 7134*i + 1016. Give d(170).
-4
Let t(a) = 11464*a - 46280. Calculate t(4).
-424
Let d(r) = 26*r**2 - 602*r - 93. What is d(23)?
-185
Let x(v) = 198*v - 45423. What is x(229)?
-81
Let i(a) = 8*a**3 - 15*a**2 - 110*a - 69. Determine i(-6).
-1677
Let o(i) = -2*i**3 - 28*i**2 + 157*i + 4. Calculate o(-18).
-230
Let q(a) = -2*a**3 + 411*a**2 - 4615*a - 325. What is q(12)?
23
Let z(f) = f**2 + 802*f - 50273. Give z(57).
-1310
Let g(o) = -2*o**3 + 42*o**2 - 72*o - 154. Give g(18).
494
Let m(o) = -2*o**2 + 57*o - 372. What is m(11)?
13
Let v(w) = 271*w**2 + 17867*w - 1149. Calculate v(-66).
105
Let p(k) = -k**2 - 77*k + 214. Give p(-28).
1586
Let h(l) = 32*l**2 + 99285*l - 99285. Determine h(1).
32
Let w(f) = -2*f**2 - 21*f + 3028. What is w(-45)?
-77
Let s(a) = -a**3 + 11*a**2 + 3277*a - 81. Calculate s(63).
-18
Let b(n) = 1194*n + 5961. Give b(-5).
-9
Let t(m) = m**3 + 286*m**2 + 1713*m + 8921. Give t(-280).
-319
Let g(d) = -470*d + 32905. Give g(70).
5
Let t(h) = 5575*h - 16586. Calculate t(3).
139
Let x(h) = -3*h**3 - 18*h**2 - 8*h - 115. What is x(-9)?
686
Let j(t) = t**2 + 337*t + 13380. Give j(-291).
-6
Let g(x) = x**2 + 411*x + 31836. Give g(-307).
-92
Let s(d) = 5768965*d - 6. Calculate s(0).
-6
Let c(w) = 562*w + 8217. What is c(-15)?
-213
Let d(a) = 585*a + 62512. What is d(-108)?
-668
Let l(m) = -47*m**2 - 401*m - 1. What is l(-9)?
-199
Let n(v) = 2*v**3 - 5*v**2 + 33*v + 88. Give n(-2).
-14
Let d(s) = -3*s**3 - 77*s**2 + 349*s + 4282. Calculate d(-28).
-2
Let v(y) = 3414*y + 61500. Give v(-18).
48
Let n(d) = -2*d**3 + 165*d**2 - 237*d - 654. Determine n(81).
-168
Let b(d) = 68*d**3 + 37*d**2 - 65*d + 28. What is b(1)?
68
Let n(d) = 3*d**3 + 31*d**2 - 2*d - 54. Calculate n(-9).
288
Let x(j) = 80068*j + 2962440. What is x(-37)?
-76
Let a(u) = 12126*u + 60309. What is a(-5)?
-321
Let l(u) = -u**3 - 132*u**2 + 545*u - 78. Determine l(-136).
-214
Let q(o) = o**3 - 23*o**2 + 79*o + 3242. Determine q(-9).
-61
Let q(i) = -7*i**2 + 104885*i + 209768. Calculate q(-2).
-30
Let v(y) = 47700*y + 3148198. Calculate v(-66).
-2
Let j(c) = -2*c**2 - 773*c + 6204. Determine j(8).
-108
Let i(k) = k**2 - 323*k - 3298. What is i(-10)?
32
Let s(d) = -21822*d**2 - 87297*d + 4. Determine s(-4).
40
Let j(f) = 643*f**3 - 39230*f**2 + 408*f + 1151. What is j(61)?
-8
Let g(d) = -2*d**3 - 188*d**2 - 725*d - 454. Give g(-90).
-4
Let t(h) = h**3 - 16*h**2 + 40*h - 7. Give t(10).
-207
Let r(u) = -u**2 - 29*u + 8132. What is r(-105)?
152
Let f(u) = -141*u**2 - 1015*u + 10. Calculate f(-7).
206
Let d(t) = -24373*t - 166982. Determine d(-7).
3629
Let r(m) = -41*m**2 - 160*m + 472. Calculate r(3).
-377
Let a(f) = 4*f**2 + 81*f + 339. Determine a(-11).
-68
Let p(x) = 408*x + 80310. What is p(-202)?
-2106
Let s(d) = 48*d**2 + 2582*d - 5168. Give s(2).
188
Let i(f) = -7*f**2 - 12*f - 231. Determine i(10).
-1051
Let f(h) = -697*h + 11550. What is f(15)?
1095
Let m(p) = -p**3 - 328*p**2 + 679*p + 6286. Calculate m(-330).
16
Let z(x) = 10*x**2 - 1026*x + 243. Give z(103).
655
Let s(q) = 2*q**3 - 18*q**2 - 40*q - 14. Calculate s(7).
-490
Let c(t) = -11*t**2 - 651*t - 1981. Calculate c(-56).
-21
Let c(b) = -5*b**3 - 49*b**2 + 276*b - 46. Calculate c(5).
-516
Let h(y) = y**3 - 25*y**2 + 439*y - 8199. Give h(22).
7
Let c(t) = -563*t**2 - 54062*t - 1337. Determine c(-96).
7
Let o(n) = 480*n - 7774. Calculate o(17).
386
Let g(r) = r**3 + 9*r**2 - 225*r + 279. Calculate g(-20).
379
Let p(v) = 21653*v + 129926. What is p(-6)?
8
Let f(x) = -24*x**2 - 8376*x - 399. What is f(-349)?
-399
Let r(y) = 2*y**3 - 100*y**2 + 549*y + 20. Calculate r(6).
146
Let f(k) = -6*k**2 + 242*k - 6497. What is f(30)?
-4637
Let a(b) = 3*b**3 - 64*b**2 - 62*b + 415. Calculate a(-3).
-56
Let k(o) = -o**3 + 666*o**2 + 8115*o + 14249. Calculate k(678).
11
Let q(u) = -2477*u + 94082. Determine q(38).
-44
Let b(m) = -m**2 - 2271*m - 113210. Calculate b(-51).
10
Let u(b) = -30*b**2 - 75*b + 1962. Give u(7).
-33
Let c(i) = 21313*i - 6777531. Give c(318).
3
Let o(t) = 14534*t - 581372. What is o(40)?
-12
Let m(r) = 1818*r + 54614. Determine m(-30).
74
Let b(d) = -4*d**2 - 14925*d - 10590684. Give b(-953).
5
Let l(o) = 3*o**2 + 819*o - 61125. Give l(-334).
-3
Let b(f) = -1189060*f - 41617098. What is b(-35)?
2
Let d(n) = 2152*n - 1078143. Calculate d(501).
9
Let h(l) = -8*l**3 + 473*l**2 + 3056*l - 102. Give h(65).
-37
Let g(t) = -7*t**2 - 4769*t - 38109. What is g(-8)?
-405
Let s(b) = -2*b**3 - 17*b**2 + 141*b - 58. Determine s(-13).
-370
Let p(b) = 4126*b + 4254. Give p(-1).
128
Let h(a) = -60109*a + 3125668. Calculate h(52).
0
Let z(y) = y**3 - 141*y**2 + 790*y + 2428. Determine z(135).
-272
Let f(x) = x**3 - 23*x**2 + 1697*x - 35214. Determine f(21).
-459
Let u(m) = 7*m**2 + 1659*m + 13070. Give u(-8).
246
Let g(i) = 104*i**2 - 505*i + 152. Determine g(5).
227
Let j(q) = -q**3 + 47*q**2 - 18*q - 920. Determine j(45).
2320
Let f(w) = 1659*w - 18405. Calculate f(11).
-156
Let y(n) = 8311*n - 116438. Give y(14).
-84
Let g(y) = y**2 + 64153*y - 1604439. What is g(25)?
11
Let p(y) = 395*y + 8026. Give p(-20).
126
Let w(c) = c**2 - 33576*c - 4009704. Give w(-119).
1
Let f(k) = -8*k**2 + 655*k + 48463. Calculate f(-47).
6
Let t(q) = -276*q**2 + 18498*q - 396. What is t(67)?
6
Let d(s) = -400*s - 6830. Determine d(-17).
-30
Let t(w) = w**3 + 99*w**2 - 604*w - 225. Determine t(6).
-69
Let z(w) = -7299*w + 58360. What is z(8)?
-32
Let v(c) = c**2 - 24079*c - 457883. Calculate v(-19).
-21
Let x(z) = 25*z**2 + 59*z - 4. Determine x(-6).
542
Let l(u) = -u**2 - 99*u - 2671. Calculate l(-57).
-277
Let j(h) = -268*h - 45492. Give j(-170).
68
Let l(o) = 17230*o - 723685. Give l(42).
-25
Let z(n) = 9*n**3 + 124*n**2 + 425*n + 29. Determine z(-6).
-1
Let d(n) = -6*n**2 - 206*n - 1280. Determine d(-10).
180
Let a(k) = k**2 + 11917*k - 358425. Calculate a(30).
-15
Let u(d) = d**